git of t?
4
Let i(y) = y**2 - 3. Let j be i(0). What is the units digit of (-9)/(-1) - (-1 - j)?
7
Let l(t) = t**3 - 2*t**2 + t. Let u be l(1). Suppose 3*a + 2*y - 7 = 6*y, -2*a - 4*y + 18 = u. What is the units digit of a?
5
Suppose -7*o + 12*o = 165. What is the tens digit of o?
3
Let y = -3 - -8. Suppose i - 4*i - 11 = y*u, -5*i = u + 33. Let v(g) = -g + 2. What is the units digit of v(i)?
9
Suppose 3*m + 0*m = 99. Let g be -1*11*-2 - 1. Let t = m - g. What is the tens digit of t?
1
Let n = 76 - 42. Suppose -n = -5*x + 3*c, 3*c = -0*x + 4*x - 29. Suppose 3*s = 4*p + 1, 3*s = s - x*p + 16. What is the units digit of s?
3
Let z = -31 + 50. What is the units digit of z?
9
Suppose 4*r - 5*r = -242. What is the units digit of r?
2
Suppose 0 = -2*b + 4*k + 14, b - 13 = -0*b + 4*k. Let i be b/((-4)/(-134))*2. Suppose 2*v + 2*d - 34 = 0, -4*v - 3*d - 2*d = -i. What is the tens digit of v?
1
Let i = -18 - -21. What is the units digit of (1 + 41)*i/6?
1
Let s(m) = -m**3 + m**2 + 4*m - 1. Let l be s(-3). Suppose -5 = -4*h + l. What is the units digit of h?
7
What is the tens digit of (-28)/(((-14)/3)/7)?
4
Suppose 51*s - 385 = 46*s. What is the tens digit of s?
7
Suppose -4*g + 2*g - 12 = 0. Let b = g - -8. Suppose 2*v = -b*v + 20. What is the units digit of v?
5
Let t = -17 + 9. Let k = -4 - t. Suppose -4*o = -b - 54, k - 8 = -o + 5*b. What is the tens digit of o?
1
Let u = 34 - 13. What is the units digit of u?
1
Let a(f) = -f - 4. Let n be a(3). Let k = 11 + n. What is the units digit of 0 + k - (2 - 0)?
2
Let f(l) = 7 - l - 7. What is the units digit of f(-4)?
4
Let r(p) be the second derivative of -p**3/2 + 2*p**2 + 5*p. What is the units digit of r(-7)?
5
Suppose -11 - 1 = 3*d, 4*u = 3*d + 20. Let q(v) = -6 + v + 0*v**2 + v + v**u. What is the units digit of q(-5)?
9
Suppose -2*w - 3*w = -10. What is the units digit of w?
2
Let j(k) = 5*k + 5 + 1 - k**3 - 7 + 5*k**2. What is the units digit of j(5)?
4
Suppose 4*a - 26 = -5*u, -u + a = u. Let c(s) = s**2 + s + 1. What is the units digit of c(u)?
7
Let d(w) = 11*w**2 - 2*w - 1. Let l be d(-1). Let z(q) = -q**3 - 8*q**2 - 9*q + 3. Let o be z(-7). Let h = o - l. What is the units digit of h?
5
Let d be -1 - (-9)/(2 - -1). Suppose d*t + 12 = m, 2*m + 2*m - 53 = 3*t. What is the tens digit of m?
1
Let q(n) be the third derivative of n**5/20 - n**3/6 + n**2. Let u(w) = -2*w + 23. Let v be u(12). What is the units digit of q(v)?
2
Suppose 0*j - 4*j = 3*h - 15, h = 2*j + 5. Let n = 10 - h. What is the units digit of n?
5
Let r be 75*(1/(-3) + 1). Suppose 17 = -t + r. What is the tens digit of t?
3
Suppose 4*t = -t. Let r(b) = -b**3 + b**2 - b + 3. Let w be r(t). Suppose -2*q + w*l + 3 = -8, -q = 5*l - 12. What is the units digit of q?
7
Let a = 5 - 3. Suppose -n - a*n = -2*v - 22, -2*n - v = -3. What is the units digit of n?
4
Suppose 0*m - 11 = y + 4*m, -3*m - 15 = 3*y. What is the units digit of y*(-25)/3 - -1?
6
What is the units digit of 6*3*(5 - 4)?
8
Let w be (-2)/(-4) - 45/(-2). Let t = w + -14. What is the units digit of t?
9
Let u(d) = 9*d + 1. Let z be u(8). Let t = z + -38. Suppose -5*f - 5*b = -t, -3*f + 3*b - b + 36 = 0. What is the tens digit of f?
1
Let z = -70 - -130. Suppose -5*w = -d + 4*d - z, 3*w - 3*d - 36 = 0. What is the tens digit of w?
1
Let h = -6 - -3. What is the tens digit of (h/((-6)/44))/2?
1
Let t(y) be the first derivative of 1/3*y**3 + 4*y - 2 - 2*y**2. What is the units digit of t(5)?
9
Suppose -15 = -5*w + 5*o, o - 15 = -5*w + 5*o. Let y(d) = 1 - w + 7 - d. What is the units digit of y(4)?
1
Let o = 27 - 12. Suppose -3*s - 2*s + 25 = 0. Suppose 0 = s*c - 0*c - o. What is the units digit of c?
3
Let p(y) = -2*y + y + 5*y - 8. What is the tens digit of p(8)?
2
Let j be 3/(-2)*(-16)/12. Let m be (-108)/(15/12 - j). What is the units digit of m/20 - (-1)/(-5)?
7
Let w(h) = h**2 + h + 2. Let u be w(5). Suppose -4*y + 4 = u. Let j(l) = l**3 + 8*l**2 + 7*l + 2. What is the units digit of j(y)?
2
Let w = 11 - 2. What is the units digit of w?
9
Suppose j = -4 + 6. Suppose 0 = -4*s + 3*k + 21, j*k = -3*s + 14 + 6. Suppose q - 3 - s = 0. What is the units digit of q?
9
Suppose 21 = -4*w + 57. Suppose 3*h + 3 = 0, -w - 18 = -2*v + 3*h. What is the units digit of v?
2
Suppose 0 = -6*t + 3*t. Suppose 2*b - 5*b = t. Suppose b = m - 0 - 5. What is the units digit of m?
5
Let v(y) = 122*y - 2. What is the hundreds digit of v(1)?
1
Let i be 3*(3 + (-6)/3). Suppose 5*j + i = -2. What is the units digit of 16 - (1 - (j + 2))?
6
Suppose 2*m - 173 = 3*p, 2*p + 3*p - 119 = -m. What is the tens digit of m?
9
Suppose 4*n - 14 = 2. Suppose n*a + 16 = 8*a. Suppose -z - 8 = -i, 7*z - a = -i + 6*z. What is the units digit of i?
6
Let d be 12 + 1 + -2*2. What is the units digit of d/(-6)*40/(-12)?
5
Suppose 5*v = -4*j + 110, -3*v = 3*j - 10 - 71. What is the tens digit of j?
2
Suppose -8 = -5*i + 72. Suppose 40 = 2*m + i. What is the tens digit of m?
1
Let g = 1 + 7. Suppose 5*z - g*z = -75. What is the units digit of z?
5
Let a = 0 + 20. Suppose -a - 19 = -r. What is the tens digit of r?
3
Let w(m) = 9*m - 17. What is the tens digit of w(7)?
4
What is the tens digit of 5/2*8 + 1?
2
Let a(n) = n + 12. Suppose -3*h - 30 = 3*b, -2*b = 5*h + 1 + 34. What is the units digit of a(h)?
7
Let f be -3*38*3/(-9). Let y = f + -22. Suppose -5*n + 5*c + y = -3*n, 0 = 4*n - c - 14. What is the units digit of n?
3
Suppose 0 = -10*m + 5*m + 305. What is the units digit of m?
1
Suppose -5 = -4*l + 3. Suppose 3*v + 0*v - 45 = 0. Suppose -l*t + v = t. What is the units digit of t?
5
Let z = -7 + 11. Suppose 3*l = -z*x + 21, 0*x = l - 4*x - 23. What is the tens digit of l?
1
Let r(i) = 11*i**2 - 4*i - 2. What is the tens digit of r(-2)?
5
Let z(o) = -o**3 + 10*o**2 - 9*o + 4. Let i be -3*2*6/(-4). What is the units digit of z(i)?
4
Suppose -206 = -5*s + 4. What is the tens digit of s?
4
Suppose 5*l - 3*l = -14. Let d(p) = -3*p**3 + p**2 - 2*p + 1. Let o be d(1). What is the units digit of l/o - (-3)/(-9)?
2
Suppose 3*d - r + 0*r - 30 = 0, 3*r - 9 = 0. Let l = d + -4. Suppose -5*a - 55 = -5*n, 2*n - l + 3 = -4*a. What is the units digit of n?
8
Suppose -4*v + g + 103 = 0, 2*v - v + 2*g - 28 = 0. What is the tens digit of v?
2
Suppose -3*s + 1035 = -i, 739 = 2*s - 2*i + 45. What is the tens digit of s?
4
Suppose a + 8 - 43 = 0. What is the units digit of a?
5
Let d(m) = 2*m + 12. Let h(w) = 5*w + 35. Let g(q) = -11*d(q) + 4*h(q). Let p be g(6). Let c = p + 6. What is the units digit of c?
2
Suppose 3*q - 10 = -2*q. Suppose -q*z + 15 = z. What is the units digit of z?
5
Let j(r) be the third derivative of r**6/120 + 2*r**5/15 + 7*r**4/24 + 7*r**3/6 - r**2. Let i be j(-7). What is the units digit of ((-1)/3)/(i/(-210))?
0
Suppose -3*l = -6*l - 5*s + 323, 5*l = s + 501. What is the hundreds digit of l?
1
Suppose -2*f - 617 = -5*a - 65, -443 = -4*a + 3*f. Let j = -65 + a. What is the tens digit of j?
4
Suppose 64*q - 70*q = -66. What is the tens digit of q?
1
Suppose -y - 2*q + 13 = 4*y, 5*q - 4 = -3*y. Suppose -10 = y*c - 61. What is the units digit of c?
7
Let q be 1/(-2)*-4 - 1. What is the units digit of (q - 3) + (10 - 3)?
5
Let o(m) = m + 4. Suppose 0 = -4*a + 10 + 34. Let i be o(a). Let v = 27 - i. What is the units digit of v?
2
Let m(r) = -r**3 + 14*r**2 + 16*r - 11. Let y be m(15). Suppose -3*q + 22 = y. What is the units digit of q?
6
Suppose w - 5*w + 280 = 0. What is the units digit of w?
0
Let z(g) = -6*g - 7*g - g**2 + 2*g - 2*g. What is the units digit of z(-12)?
2
Let z(v) = 5*v - 10. What is the units digit of z(8)?
0
Suppose 0 = 2*z - 6 - 4. What is the units digit of (2 + -1)*z*1?
5
Suppose c + z - 6*z = 106, -2*z - 94 = -c. What is the tens digit of c?
8
Let f(q) be the second derivative of -q**3 - 3*q. What is the units digit of f(-1)?
6
Suppose 0 = -0*o + 2*o + 30. Let b = o - -9. What is the units digit of 22/6 + (-2)/b?
4
Suppose -4*q + 3*p = -23, -2*p - 22 = -3*q - 6. What is the tens digit of (-1)/(1/(-38)*q)?
1
Let d = -3 + 1. What is the units digit of -1 + d/((-4)/98)?
8
What is the tens digit of 1 + 15/(-6) - (-332)/8?
4
Let q(s) = -4 + 3*s**2 - s**3 + s + 0*s + s. Let a be q(3). What is the units digit of 2/(-4)*a - -4?
3
Suppose -2*p + 2 = -6. Suppose -35 = -3*z - v, 3*v - 8 = p*z - 33.